. What is the thousands digit of r?
4
Suppose 66*s = 69*s - 3183. Let r = 1493 - s. What is the tens digit of r?
3
Let c(j) = -104*j + 1119. What is the thousands digit of c(-9)?
2
Let l = 199 + -195. Suppose -3*m + 1556 = -l*s, 4*m = 3*s + 842 + 1228. What is the units digit of m?
6
Suppose 34*u - 29*u + 3*m = 244308, -4*m - 48857 = -u. What is the tens digit of u?
6
Let j = 94 + -27. Let v(w) = -66*w**3 + w**2 + j*w**3 - 2*w**2 + 123. What is the hundreds digit of v(0)?
1
Suppose 0 = 49*g - 810834 + 176553 - 666375. What is the hundreds digit of g?
5
Let z(a) = 241*a - 990. What is the tens digit of z(8)?
3
Let m(d) = -10*d - 20. Suppose -z = 5*k - 7, 21 = 2*z + 4*k + 1. Let b = 1 - z. What is the units digit of m(b)?
0
Let o(l) be the first derivative of -l**3/3 + 5*l**2/2 + 384*l + 52. What is the hundreds digit of o(0)?
3
Let s(a) = 12*a**3 - 4*a**2 + a - 449. What is the hundreds digit of s(13)?
2
Suppose 5*j + 3*f = 24, -3*f = -2*j + 26 - 8. Suppose 2*g + j = -0*g, 3 = 2*b + 5*g. What is the tens digit of 1146/54 - 2/b?
2
Let c = 151 + 555. Let x = 1532 - c. What is the tens digit of x?
2
Let s = -61 + 70. Suppose 4*q - 2*n - s = -5*n, 0 = -3*q - n + 8. Suppose -5*v + 722 = -4*h, q*h - 417 = -v - 2*v. What is the tens digit of v?
4
Let y be 1 + (-2)/(-2) - -1. Suppose -5*d + 44 = -5*s + 9, 0 = 4*d + y*s - 49. Suppose -d*i + 902 = i. What is the tens digit of i?
8
Let p be ((-3)/4)/((-3)/2)*-2. What is the tens digit of 3/p*((-3136)/6)/2?
8
Let h(x) = -25*x - 14 - x**3 + 5*x - 6*x**2 + 26*x**2. What is the hundreds digit of h(17)?
5
Let n(s) = 424*s + 66. Let x(l) = 423*l + 64. Let c(p) = -4*n(p) + 5*x(p). What is the units digit of c(3)?
3
Let v = 7572 - -3328. What is the hundreds digit of v?
9
Suppose -4*b + 8*s - 11*s = -48, -4*b + 2*s = -28. What is the hundreds digit of 1163 + ((-45)/10 - b/(-6))?
1
Suppose 0 = 5*w + 2*r - 97917, 5*w - r - 65612 = 32317. What is the tens digit of w?
8
Suppose 3*g - 2*h = 657, g + 0*h - 219 = h. Suppose -2*p + g = -579. What is the hundreds digit of p?
3
Let v be 4 + 2 + 0 - -771. What is the hundreds digit of (0 - 192/(-9))*v/28?
5
Suppose -n + 8 = 3. Suppose -354 = -2*j - 4*w, -n*j = 5*w - 831 - 34. Suppose z - 3*z + j = -5*x, 0 = 4*z - 4*x - 320. What is the tens digit of z?
7
Let m = 79771 + -24034. What is the units digit of m?
7
Let v(c) = 6 - 4 + 4 - 2 + 230*c + 0. What is the units digit of v(1)?
4
Let q(w) = w**3 - 8*w**2 + 7*w - 8. Suppose -4*s = u - 26, -2 - 6 = -s - u. Let k be q(s). Let r = k + 60. What is the units digit of r?
2
Suppose -22 = -5*p - 27. Let x(d) = -151*d - 3. What is the hundreds digit of x(p)?
1
Suppose -m + 25303 = 2*f, -2*m + 10*f + 27422 = -23240. What is the units digit of m?
1
What is the hundreds digit of (2121/2)/(7/14) - (9 + -12)?
1
Let a = -13 - -17. Suppose a*i = 2474 + 1894. Suppose -i = -15*w + 9*w. What is the hundreds digit of w?
1
Suppose -4*r - 2*f + 57776 = 0, 12129 = 2*r + 3*f - 16759. What is the ten thousands digit of r?
1
Let l = -20766 + 32989. What is the thousands digit of l?
2
Suppose 4*q + 52 - 32 = 0, 4*k - 5*q = 141429. What is the units digit of k?
1
Suppose -496 = -150*k + 142*k. Suppose 16 = q + 4*m, -6*q - 2*m + 8 = -3*q. Suppose q = -4*h + 174 + k. What is the tens digit of h?
5
Suppose -2*r = -13 + 17. Let o(u) = 17*u - 3. Let m(l) = -16*l + 3. Let c(y) = -2*m(y) - 3*o(y). What is the tens digit of c(r)?
4
Let r = -147 - -377. Let g = r + 69. What is the hundreds digit of g?
2
Suppose -2*t + 3*m = -41495, -92*t + 20747 = -91*t - 2*m. What is the hundreds digit of t?
7
Let m = -39 + 23. Suppose 7*r - 3*r = -w - 37, 2*w - 5*r + 113 = 0. Let f = m - w. What is the tens digit of f?
3
Let v(l) = -66*l + 573 + 33*l + 26*l. What is the tens digit of v(0)?
7
Let i(s) = 4*s - 19. Let f = 15 - 9. Let y be f/14 - 117/(-21). What is the units digit of i(y)?
5
What is the thousands digit of 14/(-14) - ((-12)/18 + (-58574)/6)?
9
Let o(h) = -6*h - 22. Let l(y) = -y**2 + 11*y - 32. Let t be l(7). Let q be o(t). Suppose q*d - 348 = -4*c - d, c + 4*d = 87. What is the units digit of c?
7
Let a be (-1975)/15 - (-3)/(-9). Let v = 376 + a. What is the units digit of v?
4
What is the hundreds digit of 7947*1 - (-2 - -12)?
9
Let s(q) = -q**3 + 24*q**2 + 26*q - 16. Let f be s(25). Suppose -656 = -f*c + 640. What is the units digit of c?
4
What is the tens digit of -1 - (-6)/15 - ((-1040712)/40)/3?
7
Suppose 6*u + 249 - 303 = 0. Let j(n) = 7*n**2 - 5*n + 37. What is the tens digit of j(u)?
5
Let s = 127 - -99. Let u = s - 184. What is the units digit of u?
2
Let f = -39735 + 58404. What is the units digit of f?
9
Let s(n) = -17*n - 34. Let p(i) = -38*i - 67. Let o(x) = -3*p(x) + 7*s(x). What is the units digit of o(-28)?
3
Let b(l) = 23*l + 12*l**2 + 9*l**2 + 9*l**2 + 11 - 28*l**2. Let o be b(-11). Suppose 5*c - f - f - 226 = o, 3*c - 128 = 5*f. What is the tens digit of c?
4
Let r(s) = 6*s**2 + 20*s + 60. What is the thousands digit of r(34)?
7
Let v = 158 - -325. Let a be (38/(-5))/(3/105). Let q = v + a. What is the tens digit of q?
1
Let m(n) = 1043*n - 5963. What is the hundreds digit of m(10)?
4
Let a(s) = 437*s**3 - 10*s**2 - 2*s + 16. What is the units digit of a(4)?
6
What is the units digit of (-156 - 34)*(186/(-15))/1?
6
Let z(f) = -13*f**2 - 37*f - 3. Let s be z(-3). What is the units digit of (-8)/(-6) + (-879)/s?
9
Let l = 932 - 899. Suppose 41*t - 11952 = l*t. What is the thousands digit of t?
1
Let o = -8881 - -17696. Suppose -5*q + o = 19*g - 14*g, -4*q + g + 7032 = 0. What is the thousands digit of q?
1
Let s(z) be the second derivative of 5*z**3/6 - 9*z**2/2 + 12*z. Let v be s(2). What is the hundreds digit of 2 - (-188 + v/(-2)*6)?
1
Let f = 576 + -517. Suppose -2*o + 64*v + 118 = f*v, 3*v - 86 = -2*o. What is the tens digit of o?
4
What is the thousands digit of 7753284/120 + -7 + 511/70?
4
Suppose -2*d - a - 14 = -0*d, -d + a - 4 = 0. Let h = 8 + d. Suppose h*r - 50 = -m, -m + 182 = 3*m - r. What is the tens digit of m?
4
Suppose -5 + 10 = -5*r. Let f be (3/12)/r + 27/12. What is the tens digit of 0 - (-29 + (-1 - f))?
3
Let f = -96 + 101. Suppose -3*d + 30 = f*p + 1, -4*p = -5*d - 1. Suppose -4*u + 341 + 49 = 3*s, 8 = p*s. What is the tens digit of u?
9
Let d be 2 + 0 - (0 + 2). Suppose -9 = -3*i - d. Suppose -4*o = s - 699, -i*o + 196 = -2*o - 4*s. What is the units digit of o?
6
Suppose 104116 = 16*x - 92265 + 27469. What is the units digit of x?
7
Let n = -2 + 4. Suppose 22 = 5*u + n. Suppose 0 = -4*i - 12, -u*b - 2*i + 398 = -0*i. What is the hundreds digit of b?
1
Suppose 48*f - 45*f - 3519 = 0. Let v = f + -439. What is the tens digit of v?
3
Let u(v) be the first derivative of v**3/3 + 2*v**2 - 3*v - 3. Let g be u(-5). Suppose -f - h = -113, g*h + 210 = -3*f + 5*f. What is the hundreds digit of f?
1
Suppose -3*h + 22*l - 20*l - 268 = 0, 0 = -4*h + 5*l - 348. Let m = 762 - h. What is the tens digit of m?
5
Suppose -2*u - 4*d = -25400, 2*d = 7*u - 2*u - 63560. What is the units digit of u?
0
Suppose 0 = 3*p - h - 9, -2*p = 2*p + 3*h - 25. Suppose -238 = -p*s + 3*s. Suppose -2*r + 3*t + t + s = 0, -3*r - 3*t = -339. What is the units digit of r?
5
Suppose -w - 4*c + 253 = 0, 4*w - 3*c + 723 = 7*w. Suppose f + 81 = w. What is the tens digit of f?
5
Let n(h) = 29*h**2 - 55*h - 233. What is the ten thousands digit of n(-21)?
1
Let q(v) = -2*v**3 - 5*v**2 + 8*v - 24. Let z be q(10). Let m = 3429 + z. What is the tens digit of m?
8
Suppose 5*w - 4*w + 2*o - 28 = 0, 2*w + 3*o = 54. What is the hundreds digit of (-5 - (-3534)/w) + 2/(-8)?
1
Let q = 4 - 2. Suppose 3 = 3*j, 0*j + q*j = 3*t + 17. Let y(c) = -35*c - 34. What is the tens digit of y(t)?
4
Suppose -f = 2*f - 9171. Suppose 16*t - f - 3135 = 0. What is the hundreds digit of t?
3
Let u(n) = -4*n**3 - 4*n**2 - 8*n - 11. Let p be u(-3). Suppose p*a = 102*a - 9809. What is the units digit of a?
7
Let o(c) = -c**2 + 7*c - 7. Let p be o(5). What is the units digit of ((-60)/(-8) - p)/(15/1220)?
6
Let g be 407 - ((-2)/5 + 48/20). Suppose 16*t + g = 7*t. What is the tens digit of (108/30 - 2)/((-1)/t)?
7
Let p(g) = 13*g - 72. Let k be p(36). Let o = 581 - k. What is the tens digit of o?
8
Suppose 2*d + 405 = -5*l, -6*d + 5*l = -7*d - 215. Let m = 111 + d. Let o = -44 - m. What is the